{"id":12,"date":"2011-11-11T13:15:14","date_gmt":"2011-11-11T13:15:14","guid":{"rendered":"https:\/\/www.gavleskoterklubb.se\/?page_id=12"},"modified":"2023-12-19T15:19:55","modified_gmt":"2023-12-19T14:19:55","slug":"klubbinfo","status":"publish","type":"page","link":"https:\/\/www.gavleskoterklubb.se\/index.php\/klubbinfo\/","title":{"rendered":"Klubbinfo"},"content":{"rendered":"\t\t<div data-elementor-type=\"wp-page\" data-elementor-id=\"12\" class=\"elementor elementor-12\" data-elementor-post-type=\"page\">\n\t\t\t\t<div class=\"elementor-element elementor-element-6c2ac284 e-flex e-con-boxed e-con e-parent\" data-id=\"6c2ac284\" data-element_type=\"container\" data-settings=\"{&quot;background_background&quot;:&quot;classic&quot;}\">\n\t\t\t\t\t<div class=\"e-con-inner\">\n\t\t\t\t<div class=\"elementor-element elementor-element-661d1267 elementor-widget elementor-widget-text-editor\" data-id=\"661d1267\" data-element_type=\"widget\" data-widget_type=\"text-editor.default\">\n\t\t\t\t<div class=\"elementor-widget-container\">\n\t\t\t\t\t\t\t\t\t<p><\/p><p>G\u00e4vle skoterklubb\u00a0 \u00e4r en ideell f\u00f6rening som bildades 1988. V\u00e5rt syfte med f\u00f6reningen \u00e4r att fr\u00e4mja v\u00e5ra medlemmars intresse av sn\u00f6skoter\u00e5kning. G\u00e4vle Skoterklubb har 11 st sn\u00f6skotrar och m\u00e5nga sladdar som anv\u00e4nds vid preparering av v\u00e5rt 30 mil l\u00e5nga ledsystem. P\u00e5 samtliga v\u00e5ra leder har vi nyttjander\u00e4tts avtal med mark\u00e4garna. Lederna \u00e4r uppm\u00e4rkta med b\u00e5de r\u00f6da kryss samt sn\u00f6skoter m\u00e4rken.\u00a0<\/p><p>Klubben har idag ca 550 medlemmar (inkl. familjemedlemmar).<\/p><h2>\u00a0<\/h2><p><\/p><p><\/p><p><\/p><p><\/p>\t\t\t\t\t\t\t\t<\/div>\n\t\t\t\t<\/div>\n\t\t\t\t\t<\/div>\n\t\t\t\t<\/div>\n\t\t\t\t<\/div>\n\t\t","protected":false},"excerpt":{"rendered":"<p>G\u00e4vle skoterklubb\u00a0 \u00e4r en ideell f\u00f6rening som bildades 1988. V\u00e5rt syfte med f\u00f6reningen \u00e4r att fr\u00e4mja v\u00e5ra medlemmars intresse av sn\u00f6skoter\u00e5kning. G\u00e4vle Skoterklubb har 11 st sn\u00f6skotrar och m\u00e5nga sladdar som anv\u00e4nds vid preparering av v\u00e5rt 30 mil l\u00e5nga ledsystem. P\u00e5 samtliga v\u00e5ra leder har vi nyttjander\u00e4tts avtal med mark\u00e4garna. Lederna \u00e4r uppm\u00e4rkta med b\u00e5de [&hellip;]<\/p>\n","protected":false},"author":2,"featured_media":0,"parent":0,"menu_order":100,"comment_status":"closed","ping_status":"closed","template":"","meta":{"ngg_post_thumbnail":0,"footnotes":""},"class_list":["post-12","page","type-page","status-publish","hentry"],"_links":{"self":[{"href":"https:\/\/www.gavleskoterklubb.se\/index.php\/wp-json\/wp\/v2\/pages\/12","targetHints":{"allow":["GET"]}}],"collection":[{"href":"https:\/\/www.gavleskoterklubb.se\/index.php\/wp-json\/wp\/v2\/pages"}],"about":[{"href":"https:\/\/www.gavleskoterklubb.se\/index.php\/wp-json\/wp\/v2\/types\/page"}],"author":[{"embeddable":true,"href":"https:\/\/www.gavleskoterklubb.se\/index.php\/wp-json\/wp\/v2\/users\/2"}],"replies":[{"embeddable":true,"href":"https:\/\/www.gavleskoterklubb.se\/index.php\/wp-json\/wp\/v2\/comments?post=12"}],"version-history":[{"count":27,"href":"https:\/\/www.gavleskoterklubb.se\/index.php\/wp-json\/wp\/v2\/pages\/12\/revisions"}],"predecessor-version":[{"id":2058,"href":"https:\/\/www.gavleskoterklubb.se\/index.php\/wp-json\/wp\/v2\/pages\/12\/revisions\/2058"}],"wp:attachment":[{"href":"https:\/\/www.gavleskoterklubb.se\/index.php\/wp-json\/wp\/v2\/media?parent=12"}],"curies":[{"name":"wp","href":"https:\/\/api.w.org\/{rel}","templated":true}]}}