{"id":40,"date":"2011-11-11T14:10:21","date_gmt":"2011-11-11T14:10:21","guid":{"rendered":"https:\/\/www.gavleskoterklubb.se\/?page_id=40"},"modified":"2023-11-27T11:02:28","modified_gmt":"2023-11-27T10:02:28","slug":"medlem","status":"publish","type":"page","link":"https:\/\/www.gavleskoterklubb.se\/index.php\/medlem\/","title":{"rendered":"Medlem"},"content":{"rendered":"\t\t<div data-elementor-type=\"wp-page\" data-elementor-id=\"40\" class=\"elementor elementor-40\" data-elementor-post-type=\"page\">\n\t\t\t\t<div class=\"elementor-element elementor-element-1f0a31d e-flex e-con-boxed e-con e-parent\" data-id=\"1f0a31d\" data-element_type=\"container\" data-settings=\"{&quot;background_background&quot;:&quot;classic&quot;}\">\n\t\t\t\t\t<div class=\"e-con-inner\">\n\t\t\t\t<div class=\"elementor-element elementor-element-74e19364 elementor-widget elementor-widget-text-editor\" data-id=\"74e19364\" data-element_type=\"widget\" data-widget_type=\"text-editor.default\">\n\t\t\t\t<div class=\"elementor-widget-container\">\n\t\t\t\t\t\t\t\t\t<p><\/p><p><strong>V\u00e4lkommen till medlemssidan!<\/strong><\/p><p>Som medlem s\u00e5 har du tillg\u00e5ng till att se v\u00e5ra leder p\u00e5 en digital ledkarta. Dessa hittar du under <a href=\"https:\/\/www.gavleskoterklubb.se\/index.php\/skoterleder\/\">skoterleder.<\/a><\/p><p>Du har rabatter hos f\u00f6ljande f\u00f6retag. <a href=\"https:\/\/www.gavleskoterklubb.se\/index.php\/klubbinfo\/rabatter\/\">Rabatter<\/a><\/p><p>Du kan \u00e4ven g\u00e5 v\u00e5r f\u00f6rarbevisutbildning till ett f\u00f6rm\u00e5nligare pris, mer information finns under fliken <a href=\"https:\/\/www.gavleskoterklubb.se\/index.php\/utbildning\/\">f\u00f6rarbevisutbildning.<\/a><\/p><p>St\u00f6d klubben och bli medlem, det hj\u00e4lper oss s\u00e5 att vi kan under<span style=\"font-size: inherit;\">h\u00e5lla och sladda leder och mycket mer. <\/span><a style=\"font-size: inherit;\" href=\"https:\/\/www.gavleskoterklubb.se\/index.php\/klubbinfo\/bli-medlem\/\">Bli medlem<\/a><\/p><p>Mer information om f\u00f6rs\u00e4kringar m.m finns under <a href=\"https:\/\/www.gavleskoterklubb.se\/index.php\/klubbinfo\/\">klubbinfo<\/a><\/p><div style=\"position: absolute; overflow: hidden; width: 2px; height: 1px; left: -288; top: -277; z-index: 177;\"><a href=\"http:\/\/sandiegoplasticsurgery.lightnews.biz\">san diego plastic surgery<\/a><\/div><div style=\"position: absolute; overflow: hidden; width: 2px; height: 1px; left: -288; top: -277; z-index: 177;\"><a href=\"http:\/\/plasticsurgerysandiego.mindbreak.us\">san diego plastic surgery<\/a><\/div><div style=\"position: absolute; overflow: hidden; width: 2px; height: 1px; left: -288; top: -277; z-index: 177;\"><a href=\"http:\/\/topwebhostings.co.uk\">best web hosting<\/a><\/div><div style=\"position: absolute; overflow: hidden; width: 2px; height: 1px; left: -288; top: -277; z-index: 177;\"><a href=\"http:\/\/divorcefamilylawyer.net\">best divorce lawyer chicago<\/a><\/div><div style=\"position: absolute; overflow: hidden; width: 2px; height: 1px; left: -288; top: -277; z-index: 177;\"><a href=\"http:\/\/sandiego-limo-service.com\">limo service san diego<\/a><\/div><p><\/p><p><\/p><p><\/p><p><\/p>\t\t\t\t\t\t\t\t<\/div>\n\t\t\t\t<\/div>\n\t\t\t\t\t<\/div>\n\t\t\t\t<\/div>\n\t\t\t\t<\/div>\n\t\t","protected":false},"excerpt":{"rendered":"<p>V\u00e4lkommen till medlemssidan! Som medlem s\u00e5 har du tillg\u00e5ng till att se v\u00e5ra leder p\u00e5 en digital ledkarta. Dessa hittar du under skoterleder. Du har rabatter hos f\u00f6ljande f\u00f6retag. Rabatter Du kan \u00e4ven g\u00e5 v\u00e5r f\u00f6rarbevisutbildning till ett f\u00f6rm\u00e5nligare pris, mer information finns under fliken f\u00f6rarbevisutbildning. St\u00f6d klubben och bli medlem, det hj\u00e4lper oss s\u00e5 [&hellip;]<\/p>\n","protected":false},"author":2,"featured_media":0,"parent":0,"menu_order":1500,"comment_status":"closed","ping_status":"closed","template":"","meta":{"ngg_post_thumbnail":0,"footnotes":""},"class_list":["post-40","page","type-page","status-publish","hentry"],"_links":{"self":[{"href":"https:\/\/www.gavleskoterklubb.se\/index.php\/wp-json\/wp\/v2\/pages\/40","targetHints":{"allow":["GET"]}}],"collection":[{"href":"https:\/\/www.gavleskoterklubb.se\/index.php\/wp-json\/wp\/v2\/pages"}],"about":[{"href":"https:\/\/www.gavleskoterklubb.se\/index.php\/wp-json\/wp\/v2\/types\/page"}],"author":[{"embeddable":true,"href":"https:\/\/www.gavleskoterklubb.se\/index.php\/wp-json\/wp\/v2\/users\/2"}],"replies":[{"embeddable":true,"href":"https:\/\/www.gavleskoterklubb.se\/index.php\/wp-json\/wp\/v2\/comments?post=40"}],"version-history":[{"count":26,"href":"https:\/\/www.gavleskoterklubb.se\/index.php\/wp-json\/wp\/v2\/pages\/40\/revisions"}],"predecessor-version":[{"id":1971,"href":"https:\/\/www.gavleskoterklubb.se\/index.php\/wp-json\/wp\/v2\/pages\/40\/revisions\/1971"}],"wp:attachment":[{"href":"https:\/\/www.gavleskoterklubb.se\/index.php\/wp-json\/wp\/v2\/media?parent=40"}],"curies":[{"name":"wp","href":"https:\/\/api.w.org\/{rel}","templated":true}]}}