{"id":914,"date":"2015-02-16T18:19:28","date_gmt":"2015-02-16T17:19:28","guid":{"rendered":"https:\/\/www.gavleskoterklubb.se\/?page_id=914"},"modified":"2023-12-19T15:24:16","modified_gmt":"2023-12-19T14:24:16","slug":"snoskoterregler","status":"publish","type":"page","link":"https:\/\/www.gavleskoterklubb.se\/index.php\/snoskoterregler\/","title":{"rendered":"Sn\u00f6skoterregler"},"content":{"rendered":"\t\t<div data-elementor-type=\"wp-page\" data-elementor-id=\"914\" class=\"elementor elementor-914\" data-elementor-post-type=\"page\">\n\t\t\t\t<div class=\"elementor-element elementor-element-2851058b e-flex e-con-boxed e-con e-parent\" data-id=\"2851058b\" data-element_type=\"container\" data-settings=\"{&quot;background_background&quot;:&quot;classic&quot;}\">\n\t\t\t\t\t<div class=\"e-con-inner\">\n\t\t\t\t<div class=\"elementor-element elementor-element-4256a737 elementor-widget elementor-widget-text-editor\" data-id=\"4256a737\" data-element_type=\"widget\" data-widget_type=\"text-editor.default\">\n\t\t\t\t<div class=\"elementor-widget-container\">\n\t\t\t\t\t\t\t\t\t<p><\/p>\n<p><\/p>\n<p><strong>F\u00f6lj skoterleder!<\/strong><\/p>\n<p>P\u00e5 skoterlederna k\u00f6r du s\u00e4krast och st\u00f6r minst. Skoterleder i fj\u00e4llen \u00e4r liksom \u00f6vriga fj\u00e4lleder markerade med ledkryss. De \u00e4r dessutom markerade med skyltar eller m\u00e4rken som visar vad som g\u00e4ller p\u00e5 leden. Vissa leder kan \u00e4ven vara gemensamma med skidleder, ta alltid h\u00e4nsyn till skid\u00e5kare och andra aktiviteter som du kan p\u00e5tr\u00e4ffa. De allm\u00e4nna skoterlederna finns inlagda p\u00e5 fj\u00e4llkartan och mer information om lederna finns hos L\u00e4nsstyrelserna i fj\u00e4ll\u00e4nen.<br \/>\u00a0<\/p>\n<p><a href=\"https:\/\/www.gavleskoterklubb.se\/wp-content\/uploads\/2015\/02\/pabjuden.gif\"><img decoding=\"async\" class=\"alignleft size-full wp-image-919\" src=\"https:\/\/www.gavleskoterklubb.se\/wp-content\/uploads\/2015\/02\/pabjuden.gif\" alt=\"P\u00e5bjuden skoterled\" width=\"60\" height=\"60\" \/><\/a>P\u00e5bjuden skoterled m\u00e4rks ut med p\u00e5budsm\u00e4rke. Bl\u00e5, rund skylt med vit skotersymbol. Det inneb\u00e4r att du m\u00e5ste f\u00f6lja leden. Det \u00e4r f\u00f6rbjudet att k\u00f6ra utanf\u00f6r leden.<\/p>\n<p>\u00a0<\/p>\n<p><a href=\"https:\/\/www.gavleskoterklubb.se\/wp-content\/uploads\/2015\/02\/lamplig.gif\"><img decoding=\"async\" class=\"alignleft size-full wp-image-916\" src=\"https:\/\/www.gavleskoterklubb.se\/wp-content\/uploads\/2015\/02\/lamplig.gif\" alt=\"lamplig\" width=\"60\" height=\"59\" \/><\/a><span style=\"line-height: 1.6;\">L\u00e4mplig skoterled m\u00e4rks ut med anvisningsm\u00e4rke; en kvadratisk skylt med bl\u00e5 skotersymbol p\u00e5 vit botten, eller tv\u00e4rtom vit skotersymbol p\u00e5 bl\u00e5 botten. M\u00e4rket talar om att du k\u00f6r s\u00e4krast och st\u00f6r minst p\u00e5 den\u00a0leden.\u00a0Du b\u00f6r h\u00e5lla dig till leden, men det \u00e4r inte f\u00f6rbjudet att k\u00f6ra utanf\u00f6r leden.<\/span><\/p>\n<p>\u00a0\u00a0<br \/>\u00a0<a style=\"line-height: 20.7999992370605px;\" title=\"\" href=\"https:\/\/www.gavleskoterklubb.se\/wp-content\/uploads\/2015\/02\/forbud.gif\" target=\"\" rel=\"\"><img decoding=\"async\" class=\"size-full wp-image-915 alignleft\" title=\"\" src=\"https:\/\/www.gavleskoterklubb.se\/wp-content\/uploads\/2015\/02\/forbud.gif\" alt=\"forbud\" width=\"60\" height=\"60\" \/><\/a>P\u00e5 en del leder \u00e4r det f\u00f6rbjudet att k\u00f6ra sn\u00f6skoter. Lederna \u00e4r d\u00e5 skyltade med f\u00f6rbudsm\u00e4rken.<\/p>\n<p>\u00a0<\/p>\n<p><a href=\"https:\/\/www.gavleskoterklubb.se\/wp-content\/uploads\/2015\/02\/olampligt.gif\"><img loading=\"lazy\" decoding=\"async\" class=\"alignleft size-full wp-image-918\" src=\"https:\/\/www.gavleskoterklubb.se\/wp-content\/uploads\/2015\/02\/olampligt.gif\" alt=\"olampligt\" width=\"60\" height=\"59\" \/><\/a>Andra leder kan vara skyltade med anvisningsm\u00e4rken med r\u00f6tt snedstreck. S\u00e5dana leder b\u00f6r du inte anv\u00e4nda. Det \u00e4r visserligen inte f\u00f6rbjudet att k\u00f6ra p\u00e5 s\u00e5dana leder, men <strong>ol\u00e4mpligt<\/strong>.<\/p>\n<p>\u00a0\u00a0<\/p>\n<p><a href=\"https:\/\/www.gavleskoterklubb.se\/wp-content\/uploads\/2015\/02\/stopp.png\"><img loading=\"lazy\" decoding=\"async\" class=\"alignleft size-full wp-image-920\" src=\"https:\/\/www.gavleskoterklubb.se\/wp-content\/uploads\/2015\/02\/stopp.png\" alt=\"stopp\" width=\"60\" height=\"60\" \/><\/a>Skotrar har alltid stopplikt vid passage \u00f6ver v\u00e4g.<\/p>\n<p>\u00a0\u00a0\u00a0<\/p>\n<p><a href=\"https:\/\/www.gavleskoterklubb.se\/wp-content\/uploads\/2015\/02\/ledkryss.png\"><img loading=\"lazy\" decoding=\"async\" class=\"alignleft size-full wp-image-917\" src=\"https:\/\/www.gavleskoterklubb.se\/wp-content\/uploads\/2015\/02\/ledkryss.png\" alt=\"ledkryss\" width=\"60\" height=\"60\" \/><\/a>R\u00f6da ledkryss p\u00e5 stolpar betyder vinterled. H\u00e4r samsas du med skid\u00e5kare, g\u00e5ende och hundspann. Kontrollera alltid om skoter\u00e5kning \u00e4r till\u00e5ten efter leden. Det skall d\u00e5 finnas en kompletterande m\u00e4rkning.<\/p>\n<p>\u00a0<\/p>\n<p><strong>K\u00f6rning p\u00e5 allm\u00e4n och enskild v\u00e4g<\/strong><\/p>\n<p>Det \u00e4r inte till\u00e5tet att k\u00f6ra sn\u00f6skoter p\u00e5 allm\u00e4n v\u00e4g, utom n\u00e4r du ska korsa v\u00e4gen, eller k\u00f6ra kortast m\u00f6jliga str\u00e4cka om terr\u00e4ngen \u00e4r oframkomlig. D\u00e4r du m\u00e5ste k\u00f6ra sn\u00f6skoter p\u00e5 v\u00e4g \u00e4r h\u00f6gsta till\u00e5tna hastighet 20 km\/tim.<br \/>N\u00e4r du passerar en v\u00e4g ska alla passagerare (i pulka eller p\u00e5 skotern) g\u00e5 \u00f6ver v\u00e4gen.<br \/>P\u00e5 enskilda v\u00e4gar kan sn\u00f6skoterk\u00f6rning vara f\u00f6rbjuden. V\u00e4gens \u00e4gare avg\u00f6r om trafik med motordrivna fordon \u00e4r till\u00e5ten. F\u00f6rbud ska skyltas med v\u00e4gm\u00e4rke eller &#8221;p\u00e5 annat tydligt s\u00e4tt&#8221; (t ex en bom \u00f6ver v\u00e4gen eller en hemmagjord skylt).<\/p>\n<p><strong>Hur fort f\u00e5r du k\u00f6ra?<\/strong><\/p>\n<p>H\u00f6gsta till\u00e5tna hastighet f\u00f6r sn\u00f6skoter \u00e4r 70 km\/tim. P\u00e5 vissa platser finns lokala l\u00e4gre hastighetsgr\u00e4nser.<\/p>\n<p>Mer regler finns p\u00e5 Snofed:s <a href=\"https:\/\/www.snofed.se\/nya-regler\/\" target=\"_blank\" rel=\"noopener\">hemsida<\/a><\/p>\n<p><\/p>\n<p><\/p>\n<p><\/p>\n<p><\/p>\n<p><\/p>\t\t\t\t\t\t\t\t<\/div>\n\t\t\t\t<\/div>\n\t\t\t\t\t<\/div>\n\t\t\t\t<\/div>\n\t\t\t\t<\/div>\n\t\t","protected":false},"excerpt":{"rendered":"<p>F\u00f6lj skoterleder! P\u00e5 skoterlederna k\u00f6r du s\u00e4krast och st\u00f6r minst. Skoterleder i fj\u00e4llen \u00e4r liksom \u00f6vriga fj\u00e4lleder markerade med ledkryss. De \u00e4r dessutom markerade med skyltar eller m\u00e4rken som visar vad som g\u00e4ller p\u00e5 leden. Vissa leder kan \u00e4ven vara gemensamma med skidleder, ta alltid h\u00e4nsyn till skid\u00e5kare och andra aktiviteter som du kan p\u00e5tr\u00e4ffa. [&hellip;]<\/p>\n","protected":false},"author":2,"featured_media":0,"parent":0,"menu_order":0,"comment_status":"closed","ping_status":"closed","template":"","meta":{"ngg_post_thumbnail":0,"footnotes":""},"class_list":["post-914","page","type-page","status-publish","hentry"],"_links":{"self":[{"href":"https:\/\/www.gavleskoterklubb.se\/index.php\/wp-json\/wp\/v2\/pages\/914","targetHints":{"allow":["GET"]}}],"collection":[{"href":"https:\/\/www.gavleskoterklubb.se\/index.php\/wp-json\/wp\/v2\/pages"}],"about":[{"href":"https:\/\/www.gavleskoterklubb.se\/index.php\/wp-json\/wp\/v2\/types\/page"}],"author":[{"embeddable":true,"href":"https:\/\/www.gavleskoterklubb.se\/index.php\/wp-json\/wp\/v2\/users\/2"}],"replies":[{"embeddable":true,"href":"https:\/\/www.gavleskoterklubb.se\/index.php\/wp-json\/wp\/v2\/comments?post=914"}],"version-history":[{"count":26,"href":"https:\/\/www.gavleskoterklubb.se\/index.php\/wp-json\/wp\/v2\/pages\/914\/revisions"}],"predecessor-version":[{"id":2067,"href":"https:\/\/www.gavleskoterklubb.se\/index.php\/wp-json\/wp\/v2\/pages\/914\/revisions\/2067"}],"wp:attachment":[{"href":"https:\/\/www.gavleskoterklubb.se\/index.php\/wp-json\/wp\/v2\/media?parent=914"}],"curies":[{"name":"wp","href":"https:\/\/api.w.org\/{rel}","templated":true}]}}